{"id":9,"date":"2010-09-21T15:00:11","date_gmt":"2010-09-21T15:00:11","guid":{"rendered":"https:\/\/ifbaiano.edu.br\/napne\/?page_id=9"},"modified":"2014-01-13T14:58:26","modified_gmt":"2014-01-13T17:58:26","slug":"links","status":"publish","type":"page","link":"https:\/\/napne.ifbaiano.edu.br\/portal\/?page_id=9","title":{"rendered":"Inclus\u00e3o links"},"content":{"rendered":"<p>Associa\u00e7\u00e3o Baiana de Deficientes F\u00edsicos &#8211; <a href=\"http:\/\/abadef.blogspot.com.br\">http:\/\/abadef.blogspot.com.br<\/a><\/p>\n<p>Associa\u00e7\u00e3o Baiana de Cegos &#8211; ABC &#8211; <a href=\"www.associacaobaianadecegos.org.br\">www.associacaobaianadecegos.org.br<\/a><\/p>\n<p>Associa\u00e7\u00e3o para Deficientes da Audio Vis\u00e3o &#8211; ADEFAV &#8211; <a href=\"www.adefav.org.br\">www.adefav.org.br<\/a><\/p>\n<p>Associa\u00e7\u00e3o Nacional de Equoterapia &#8211; ANDE-BRASIL &#8211; <a href=\"www.equoterapia.org.br\">www.equoterapia.org.br<\/a><\/p>\n<p>Associa\u00e7\u00e3o para a inclus\u00e3o \u00e0 Comunica\u00e7\u00e3o, Cultura e Arte da pessoa com defici\u00eancia &#8211; <a href=\"www.arccabahia.blogspot.com\">www.arccabahia.blogspot.com<\/a><\/p>\n<p>Associa\u00e7\u00e3o Pestalozzi Teixeira de Freitas &#8211; <a href=\"www.pestalozzitf.org.br\">www.pestalozzitf.org.br<\/a><\/p>\n<p>Instituto Benjamin Constant &#8211; <a href=\"www.ibc.org.br\">www.ibc.org.br<\/a><\/p>\n<p>Instituto Nacional de educa\u00e7\u00e3o de Surdos &#8211; INES &#8211; \u00a0<a href=\"www.ines.gov.br\">www.ines.gov.br<\/a><\/p>\n<p>Paralisia cerebral &#8211; <a href=\"www.defnet.org.br\">www.defnet.org.br<\/a><\/p>\n<p>Paradesporto &#8211; <a href=\"www.cpb.org.br\">www.cpb.org.br<\/a><\/p>\n","protected":false},"excerpt":{"rendered":"<p>Associa\u00e7\u00e3o Baiana de Deficientes F\u00edsicos &#8211; http:\/\/abadef.blogspot.com.br Associa\u00e7\u00e3o Baiana de Cegos &#8211; ABC &#8211; www.associacaobaianadecegos.org.br Associa\u00e7\u00e3o para Deficientes da Audio Vis\u00e3o &#8211; ADEFAV &#8211; www.adefav.org.br Associa\u00e7\u00e3o Nacional de Equoterapia &#8211; ANDE-BRASIL &#8211; www.equoterapia.org.br Associa\u00e7\u00e3o para a inclus\u00e3o \u00e0 Comunica\u00e7\u00e3o, Cultura e Arte da pessoa com defici\u00eancia &#8211; www.arccabahia.blogspot.com Associa\u00e7\u00e3o Pestalozzi Teixeira de Freitas &#8211; www.pestalozzitf.org.br [&hellip;]<\/p>\n","protected":false},"author":4,"featured_media":0,"parent":0,"menu_order":4,"comment_status":"open","ping_status":"closed","template":"","meta":[],"_links":{"self":[{"href":"https:\/\/napne.ifbaiano.edu.br\/portal\/index.php?rest_route=\/wp\/v2\/pages\/9"}],"collection":[{"href":"https:\/\/napne.ifbaiano.edu.br\/portal\/index.php?rest_route=\/wp\/v2\/pages"}],"about":[{"href":"https:\/\/napne.ifbaiano.edu.br\/portal\/index.php?rest_route=\/wp\/v2\/types\/page"}],"author":[{"embeddable":true,"href":"https:\/\/napne.ifbaiano.edu.br\/portal\/index.php?rest_route=\/wp\/v2\/users\/4"}],"replies":[{"embeddable":true,"href":"https:\/\/napne.ifbaiano.edu.br\/portal\/index.php?rest_route=%2Fwp%2Fv2%2Fcomments&post=9"}],"version-history":[{"count":3,"href":"https:\/\/napne.ifbaiano.edu.br\/portal\/index.php?rest_route=\/wp\/v2\/pages\/9\/revisions"}],"predecessor-version":[{"id":304,"href":"https:\/\/napne.ifbaiano.edu.br\/portal\/index.php?rest_route=\/wp\/v2\/pages\/9\/revisions\/304"}],"wp:attachment":[{"href":"https:\/\/napne.ifbaiano.edu.br\/portal\/index.php?rest_route=%2Fwp%2Fv2%2Fmedia&parent=9"}],"curies":[{"name":"wp","href":"https:\/\/api.w.org\/{rel}","templated":true}]}}

Inclusão links

<p>Associação Baiana de Deficientes Físicos &#8211; <a href="http://abadef.blogspot.com.br">http://abadef.blogspot.com.br</a></p>
<p>Associação Baiana de Cegos &#8211; ABC &#8211; <a href="www.associacaobaianadecegos.org.br">www.associacaobaianadecegos.org.br</a></p>
<p>Associação para Deficientes da Audio Visão &#8211; ADEFAV &#8211; <a href="www.adefav.org.br">www.adefav.org.br</a></p>
<p>Associação Nacional de Equoterapia &#8211; ANDE-BRASIL &#8211; <a href="www.equoterapia.org.br">www.equoterapia.org.br</a></p>
<p>Associação para a inclusão à Comunicação, Cultura e Arte da pessoa com deficiência &#8211; <a href="www.arccabahia.blogspot.com">www.arccabahia.blogspot.com</a></p>
<p>Associação Pestalozzi Teixeira de Freitas &#8211; <a href="www.pestalozzitf.org.br">www.pestalozzitf.org.br</a></p>
<p>Instituto Benjamin Constant &#8211; <a href="www.ibc.org.br">www.ibc.org.br</a></p>
<p>Instituto Nacional de educação de Surdos &#8211; INES &#8211;  <a href="www.ines.gov.br">www.ines.gov.br</a></p>
<p>Paralisia cerebral &#8211; <a href="www.defnet.org.br">www.defnet.org.br</a></p>
<p>Paradesporto &#8211; <a href="www.cpb.org.br">www.cpb.org.br</a></p>

<p>Associação Baiana de Deficientes Físicos &#8211; http://abadef.blogspot.com.br Associação Baiana de Cegos &#8211; ABC &#8211; www.associacaobaianadecegos.org.br Associação para Deficientes da Audio Visão &#8211; ADEFAV &#8211; www.adefav.org.br Associação Nacional de Equoterapia &#8211; ANDE-BRASIL &#8211; www.equoterapia.org.br Associação para a inclusão à Comunicação, Cultura e Arte da pessoa com deficiência &#8211; www.arccabahia.blogspot.com Associação Pestalozzi Teixeira de Freitas &#8211; www.pestalozzitf.org.br [&hellip;]</p>
