{"id":6,"date":"2010-09-21T13:49:57","date_gmt":"2010-09-21T16:49:57","guid":{"rendered":"https:\/\/ifbaiano.edu.br\/napne\/?page_id=2"},"modified":"2014-01-13T11:45:43","modified_gmt":"2014-01-13T14:45:43","slug":"sobre","status":"publish","type":"page","link":"https:\/\/napne.ifbaiano.edu.br\/portal\/?page_id=6","title":{"rendered":"Sobre o site"},"content":{"rendered":"<p style=\"text-align: justify;\">Em homenagem ao Dia Nacional de Luta da Pessoa com Defici\u00eancia (21 de Setembro de 2010) foi criado este espa\u00e7o virtual para disponibiliza\u00e7\u00e3o de materiais e informa\u00e7\u00f5es que possam contribuir com as pessoas com defici\u00eancias e tamb\u00e9m aqueles que trabalham pr\u00f3ximo a elas.<\/p>\n<p style=\"text-align: justify;\">Ros\u00e2ngela Maria de Sales Mota &#8211; Pr\u00f3-Reitora de Ensino<\/p>\n<p style=\"text-align: justify;\">Woquiton Fernandes &#8211; Prof. Pesquisador em Inclus\u00e3o e Acessibilidade<\/p>\n<p>&nbsp;<\/p>\n<p>Bem vindos ao espa\u00e7o NAPNE IF Baiano!<\/p>\n<p>O local para troca de informa\u00e7\u00f5es e experi\u00eancias sobre educa\u00e7\u00e3o tecnol\u00f3gica e profissionaliza\u00e7\u00e3o para Pessoas com Necessidades Espec\u00edficas.<\/p>\n","protected":false},"excerpt":{"rendered":"<p>Em homenagem ao Dia Nacional de Luta da Pessoa com Defici\u00eancia (21 de Setembro de 2010) foi criado este espa\u00e7o virtual para disponibiliza\u00e7\u00e3o de materiais e informa\u00e7\u00f5es que possam contribuir com as pessoas com defici\u00eancias e tamb\u00e9m aqueles que trabalham pr\u00f3ximo a elas. Ros\u00e2ngela Maria de Sales Mota &#8211; Pr\u00f3-Reitora de Ensino Woquiton Fernandes &#8211; [&hellip;]<\/p>\n","protected":false},"author":4,"featured_media":0,"parent":0,"menu_order":3,"comment_status":"closed","ping_status":"closed","template":"","meta":[],"_links":{"self":[{"href":"https:\/\/napne.ifbaiano.edu.br\/portal\/index.php?rest_route=\/wp\/v2\/pages\/6"}],"collection":[{"href":"https:\/\/napne.ifbaiano.edu.br\/portal\/index.php?rest_route=\/wp\/v2\/pages"}],"about":[{"href":"https:\/\/napne.ifbaiano.edu.br\/portal\/index.php?rest_route=\/wp\/v2\/types\/page"}],"author":[{"embeddable":true,"href":"https:\/\/napne.ifbaiano.edu.br\/portal\/index.php?rest_route=\/wp\/v2\/users\/4"}],"replies":[{"embeddable":true,"href":"https:\/\/napne.ifbaiano.edu.br\/portal\/index.php?rest_route=%2Fwp%2Fv2%2Fcomments&post=6"}],"version-history":[{"count":4,"href":"https:\/\/napne.ifbaiano.edu.br\/portal\/index.php?rest_route=\/wp\/v2\/pages\/6\/revisions"}],"predecessor-version":[{"id":277,"href":"https:\/\/napne.ifbaiano.edu.br\/portal\/index.php?rest_route=\/wp\/v2\/pages\/6\/revisions\/277"}],"wp:attachment":[{"href":"https:\/\/napne.ifbaiano.edu.br\/portal\/index.php?rest_route=%2Fwp%2Fv2%2Fmedia&parent=6"}],"curies":[{"name":"wp","href":"https:\/\/api.w.org\/{rel}","templated":true}]}}

<p style="text-align: justify;">Em homenagem ao Dia Nacional de Luta da Pessoa com Deficiência (21 de Setembro de 2010) foi criado este espaço virtual para disponibilização de materiais e informações que possam contribuir com as pessoas com deficiências e também aqueles que trabalham próximo a elas.</p>
<p style="text-align: justify;">Rosângela Maria de Sales Mota &#8211; Pró-Reitora de Ensino</p>
<p style="text-align: justify;">Woquiton Fernandes &#8211; Prof. Pesquisador em Inclusão e Acessibilidade</p>
<p>&nbsp;</p>
<p>Bem vindos ao espaço NAPNE IF Baiano!</p>
<p>O local para troca de informações e experiências sobre educação tecnológica e profissionalização para Pessoas com Necessidades Específicas.</p>

<p>Em homenagem ao Dia Nacional de Luta da Pessoa com Deficiência (21 de Setembro de 2010) foi criado este espaço virtual para disponibilização de materiais e informações que possam contribuir com as pessoas com deficiências e também aqueles que trabalham próximo a elas. Rosângela Maria de Sales Mota &#8211; Pró-Reitora de Ensino Woquiton Fernandes &#8211; [&hellip;]</p>
