{"id":299,"date":"2014-01-13T14:22:30","date_gmt":"2014-01-13T17:22:30","guid":{"rendered":"https:\/\/napne.ifbaiano.edu.br\/portal\/?page_id=299"},"modified":"2014-01-14T16:20:08","modified_gmt":"2014-01-14T19:20:08","slug":"filmes-sugestoes","status":"publish","type":"page","link":"https:\/\/napne.ifbaiano.edu.br\/portal\/?page_id=299","title":{"rendered":"Filmes sugest\u00f5es"},"content":{"rendered":"<p><strong>Forrest Gump<\/strong> &#8211;\u00a0 No filme Forrest conta sua hist\u00f3ria e \u00a0mostra ter muito de sua vida ensinado por sua m\u00e3e. Forrest frequentemente repete suas frases favoritas, incluindo &#8220;A vida \u00e9 como uma caixa de bombons, voc\u00ea nunca sabe o que vai encontrar&#8221; e &#8220;Idiota \u00e9 quem faz idiotice&#8221;.A hist\u00f3ria atravessa v\u00e1rias d\u00e9cadas na vida do personagem central, Forrest Gump, um homem simples do Alabama que viaja ao redor do mundo, encontra figuras hist\u00f3ricas, influencia a cultura popular e \u00e9 testemunha de alguns dos eventos hist\u00f3ricos mais not\u00f3rios da segunda metade do s\u00e9culo XX.<\/p>\n<p><strong>Um sonho poss\u00edvel<\/strong> &#8211; O filme mostra a hist\u00f3ria de uma mulher que ajuda um\u00a0menino com dificuldades de aprendizagem e supera muitos preconceitos para mostrar que seu sonho pode ser real.<\/p>\n<p><strong>Rain Man<\/strong> &#8211; Conta a hist\u00f3ria de\u00a0 um jovem que viaja a um hospital psiqui\u00e1trico para tentar descobrir quem \u00e9 o benefici\u00e1rio da fortuna que seu pai deixara ao falecer .\u00a0O benefici\u00e1rio \u00e9 um irm\u00e3o mais velho <a title=\"Autismo\" href=\"\/wiki\/Autismo\">autista<\/a> com <a title=\"S\u00edndrome de Savant\" href=\"\/wiki\/S%C3%ADndrome_de_Savant\">S\u00edndrome de Savant<\/a> de quem nunca ouvira falar. Para garantir o dinheiro da heran\u00e7a se aproxima dele disposto a brigar judicialmente pela guarda legal do irm\u00e3o.<\/p>\n<p><strong>Colegas<\/strong> &#8211; Grandes amigos que viviam juntos em um instituto para pessoas com\u00a0s\u00edndrome de Down resolvem\u00a0sair dali para realizar o sonho individual. A imprensa come\u00e7a a cobrir o caso, mas a pol\u00edcia n\u00e3o gosta.<\/p>\n<p><strong>Janela da alma<\/strong> &#8211; Um document\u00e1rio sobre a defici\u00eancia visual, no qual 19 pessoas com diferentes graus &#8211; da miopia \u00e0 cegueira total, falam como v\u00eaem os outros e como percebem e sentem o mundo.<\/p>\n<p><strong>Meu p\u00e9 esquerdo<\/strong> &#8211; Hist\u00f3ria real do escritor e pintor Christy Brown, com sequelas de paralisia cerebral desde beb\u00ea, que conseguiu pintar e escrever usando para isto, apenas o seu p\u00e9 esquerdo.<\/p>\n<p><strong>Uma Li\u00e7\u00e3o de amor<\/strong> &#8211; \u00a0O filme narra a hist\u00f3ria de um homem de aproximadamente 40 anos, com\u00a0deficiencia intelectual que luta na justi\u00e7a pela guarda de sua filha \u00a0de sete anos.<\/p>\n<p><strong>Uma mente brilhante<\/strong> &#8211; Um g\u00eanio da matem\u00e1tica que, aos 21 anos formulou um teorema que o aclamou. Aos poucos ele se transforma em um sofrido e atormentado homem diagnosticado com esquizofr\u00eanico.<\/p>\n<p><strong>O milagre de Anne Sullivan<\/strong> &#8211; O filme conta a hist\u00f3ria da persistente professora do t\u00edtulo, contratada para ensinar Hellen que fica surda e cega aos 18 meses de vida.\u00a0 A for\u00e7a de vontade, voca\u00e7\u00e3o e f\u00e9 de Sullivan \u00e9 tanta que nada parece ser obst\u00e1culo para ela, nem mesmo os pr\u00f3prios pais de Hellen, com quem vive entrando\u00a0em conflito Em\u00a01904, formou-se com louvor, e foi a primeira aluna cega e surda e terminar um curso universit\u00e1rio.<\/p>\n<p><strong>\u00a0Dan\u00e7a das cadeiras &#8211;<\/strong> Bailarina \u00e9 acidentada e fica cadeirante ent\u00e3o ela conhece um rapaz que a incentiva a voltar a dan\u00e7ar. Tamb\u00e9m motiva os outrosa cadeirantes institucionalizados que decidem ir a uma competi\u00e7\u00e3o. O filme tamb\u00e9m mostra os desafios para que a fam\u00edlia do rapaz aceite o namoro dos dois.<\/p>\n<p>&nbsp;<\/p>\n","protected":false},"excerpt":{"rendered":"<p>Forrest Gump &#8211;\u00a0 No filme Forrest conta sua hist\u00f3ria e \u00a0mostra ter muito de sua vida ensinado por sua m\u00e3e. Forrest frequentemente repete suas frases favoritas, incluindo &#8220;A vida \u00e9 como uma caixa de bombons, voc\u00ea nunca sabe o que vai encontrar&#8221; e &#8220;Idiota \u00e9 quem faz idiotice&#8221;.A hist\u00f3ria atravessa v\u00e1rias d\u00e9cadas na vida do [&hellip;]<\/p>\n","protected":false},"author":3,"featured_media":0,"parent":0,"menu_order":0,"comment_status":"open","ping_status":"open","template":"","meta":[],"_links":{"self":[{"href":"https:\/\/napne.ifbaiano.edu.br\/portal\/index.php?rest_route=\/wp\/v2\/pages\/299"}],"collection":[{"href":"https:\/\/napne.ifbaiano.edu.br\/portal\/index.php?rest_route=\/wp\/v2\/pages"}],"about":[{"href":"https:\/\/napne.ifbaiano.edu.br\/portal\/index.php?rest_route=\/wp\/v2\/types\/page"}],"author":[{"embeddable":true,"href":"https:\/\/napne.ifbaiano.edu.br\/portal\/index.php?rest_route=\/wp\/v2\/users\/3"}],"replies":[{"embeddable":true,"href":"https:\/\/napne.ifbaiano.edu.br\/portal\/index.php?rest_route=%2Fwp%2Fv2%2Fcomments&post=299"}],"version-history":[{"count":5,"href":"https:\/\/napne.ifbaiano.edu.br\/portal\/index.php?rest_route=\/wp\/v2\/pages\/299\/revisions"}],"predecessor-version":[{"id":301,"href":"https:\/\/napne.ifbaiano.edu.br\/portal\/index.php?rest_route=\/wp\/v2\/pages\/299\/revisions\/301"}],"wp:attachment":[{"href":"https:\/\/napne.ifbaiano.edu.br\/portal\/index.php?rest_route=%2Fwp%2Fv2%2Fmedia&parent=299"}],"curies":[{"name":"wp","href":"https:\/\/api.w.org\/{rel}","templated":true}]}}