{"id":283,"date":"2014-01-13T12:08:41","date_gmt":"2014-01-13T15:08:41","guid":{"rendered":"https:\/\/napne.ifbaiano.edu.br\/portal\/?page_id=283"},"modified":"2014-01-13T15:45:13","modified_gmt":"2014-01-13T18:45:13","slug":"tecnologia-assistiva","status":"publish","type":"page","link":"https:\/\/napne.ifbaiano.edu.br\/portal\/?page_id=283","title":{"rendered":"Tecnologia Assistiva"},"content":{"rendered":"<p><a href=\"https:\/\/napne.ifbaiano.edu.br\/portal\/wp-content\/uploads\/2010\/11\/ta.jpg\"><img loading=\"lazy\" class=\"aligncenter\" title=\"Tecnologia Assistiva\" alt=\"\" src=\"https:\/\/napne.ifbaiano.edu.br\/portal\/wp-content\/uploads\/2010\/11\/ta.jpg\" width=\"200\" height=\"200\" \/><\/a><\/p>\n<div>Tecnologia Assistiva \u00e9 uma express\u00e3o nova, que se refere a um conceito ainda em pleno processo de constru\u00e7\u00e3o e sistematiza\u00e7\u00e3o. A utiliza\u00e7\u00e3o de recursos de Tecnologia Assistiva, entretanto, remonta aos prim\u00f3rdios da hist\u00f3ria da humanidade ou at\u00e9 mesmo da pr\u00e9-hist\u00f3ria. \u2026<\/div>\n<div><a href=\"https:\/\/napne.ifbaiano.edu.br\/portal\/wp-content\/uploads\/2010\/11\/assistiva.pdf\" target=\"_blank\">Veja artigo completo do Prof. Te\u00f3filo Alves Galv\u00e3o Filho<\/a>.<\/div>\n<div><\/div>\n<p><strong>Tecnologia Assistiva<\/strong> \u00e9 um termo utilizado para identificar todo o arsenal de <strong>Recursos<\/strong><strong> <\/strong>e <strong>Servi\u00e7os<\/strong> que contribuem para proporcionar ou ampliar habilidades funcionais de pessoas com defici\u00eancia e conseq\u00fcentemente promover <strong>Vida Independente<\/strong> e <strong>Inclus\u00e3o<\/strong>.<\/p>\n<p>\u00c9 tamb\u00e9m definida como \u201cuma ampla gama de equipamentos, servi\u00e7os, estrat\u00e9gias e pr\u00e1ticas concebidas e aplicadas para minorar os problemas encontrados pelos indiv\u00edduos com defici\u00eancias\u201d <em>(Cook e Hussey \u2022 Assistive Technologies: Principles and Practices \u2022 Mosby \u2013 Year Book, Inc., 1995).<\/em><\/p>\n<p>O termo <a href=\"http:\/\/www.assistiva.com.br\/#porque\">Assistive Technology, traduzido no Brasil como Tecnologia Assistiva<\/a>, foi criado em 1988 como importante elemento jur\u00eddico dentro da legisla\u00e7\u00e3o norte-americana conhecida como <em>Public Law 100-407<\/em> e foi renovado em 1998 como <a href=\"http:\/\/section508.gov\/docs\/AT1998.html#3\" target=\"_blank\"><em>Assistive Technology Act de 1998 (P.L. 105-394, S.2432)<\/em><\/a>. Comp\u00f5e, com outras leis, o <a href=\"http:\/\/www.ada.gov\/pubs\/ada.htm\" target=\"_blank\"><em>ADA \u2013 American with Disabilities Act<\/em><\/a>, que regula os direitos dos cidad\u00e3os com defici\u00eancia nos EUA, al\u00e9m de prover a base legal dos fundos p\u00fablicos para compra dos recursos que estes necessitam.<\/p>\n<p>A Tecnologia Assistiva se comp\u00f5e de\u00a0<strong> <\/strong><strong>Servi\u00e7os <\/strong>e<strong> Recursos<\/strong>.<\/p>\n<p>Os <strong>Servi\u00e7os <\/strong>\u00a0s\u00e3o definidos como aqueles que auxiliam diretamente uma pessoa com defici\u00eancia a selecionar, comprar ou usar os recursos acima definidos.<\/p>\n<p><strong>Servi\u00e7os<\/strong> s\u00e3o aqueles prestados profissionalmente \u00e0 pessoa com defici\u00eancia visando selecionar, obter ou usar um instrumento de tecnologia assistiva. Como exemplo, podemos citar avalia\u00e7\u00f5es, experimenta\u00e7\u00e3o e treinamento de novos equipamentos. Os servi\u00e7os de Tecnologia assistiva s\u00e3o normalmente transdisciplinares envolvendo profissionais de diversas \u00e1reas, tais como:<\/p>\n<ul>\n<li>Fisioterapia<\/li>\n<li>Terapia ocupacional<\/li>\n<li>Fonoaudiologia<\/li>\n<li>Educa\u00e7\u00e3o<\/li>\n<li>Psicologia<\/li>\n<li>Enfermagem<\/li>\n<li>Medicina<\/li>\n<li>Engenharia<\/li>\n<li>Arquitetura<\/li>\n<li>Design<\/li>\n<li>T\u00e9cnicos de muitas outras especialidades<\/li>\n<\/ul>\n<p>Os <strong>Recursos<\/strong> s\u00e3o todo e qualquer item, equipamento ou parte dele, produto ou sistema fabricado em s\u00e9rie ou sob-medida utilizado para aumentar, manter ou melhorar as capacidades funcionais das pessoas com defici\u00eancia.<\/p>\n<p><strong>Recursos<\/strong> podem variar de uma simples bengala a um complexo sistema computadorizado. Est\u00e3o inclu\u00eddos brinquedos e roupas adaptadas, computadores, softwares e hardwares especiais, que contemplam quest\u00f5es de acessibilidade, dispositivos para adequa\u00e7\u00e3o da postura sentada, recursos para mobilidade manual e el\u00e9trica, equipamentos de comunica\u00e7\u00e3o alternativa, chaves e acionadores especiais, aparelhos de escuta assistida, aux\u00edlios visuais, materiais prot\u00e9ticos e milhares de outros itens confeccionados ou dispon\u00edveis comercialmente.<\/p>\n<p>Fonte: <a href=\"http:\/\/www.assistiva.com.br\/\">http:\/\/www.assistiva.com.br\/<\/a> \u2013 Acesse para mais informa\u00e7\u00f5es!<\/p>\n<p>Estes equipamentos promovem um aux\u00edlio extraordin\u00e1rio \u00e0 vida das pessoas, mostram que a adapta\u00e7\u00e3o \u00e9 uma quest\u00e3o de criatividade e t\u00e9cnica, pensar na dificuldade e em formas de desenvolver produtos que atendam \u00e0 diversidade humana na busca da supera\u00e7\u00e3o de qualquer limita\u00e7\u00e3o f\u00edsica que se oponha ao alcance dos objetivos almejados.<\/p>\n<p><strong>Recursos de hardware acess\u00edvel<\/strong><\/p>\n<p>&#8211; Teclados<\/p>\n<p>&#8211; Mouses<\/p>\n<p>&#8211; Acionadores<\/p>\n<p>&#8211; Monitor<\/p>\n<p>&#8211; Capacete com ponteira<\/p>\n<p>&#8211; Pulseira de pesos<\/p>\n<p>&#8211; Colmeia<\/p>\n<p><strong>Recursos de software acess\u00edvel<\/strong><\/p>\n<p>&#8211; Leitores de tela<\/p>\n<p>&#8211; Ampliadores de tela e de caracteres<\/p>\n<p>&#8211; Simuladores de teclado e de mouse<\/p>\n<p>&#8211; Sintetizadores de voz<\/p>\n<p><strong>Comunica\u00e7\u00e3o Alternativa-Aumentativa-Expandida (CAA)<\/strong><\/p>\n<p>&#8211; Sistemas simb\u00f3licos<\/p>\n<p>&nbsp;<\/p>\n<p><span style=\"text-decoration: underline;\"><strong>Cat\u00e1logo Nacional de produtos de\u00a0Tecnologia Assistiva<\/strong><\/span><strong>\u00a0<\/strong> <a href=\"http:\/\/assistiva.mct.gov.br\/\">http:\/\/assistiva.mct.gov.br\/<\/a><\/p>\n","protected":false},"excerpt":{"rendered":"<p>Tecnologia Assistiva \u00e9 uma express\u00e3o nova, que se refere a um conceito ainda em pleno processo de constru\u00e7\u00e3o e sistematiza\u00e7\u00e3o. A utiliza\u00e7\u00e3o de recursos de Tecnologia Assistiva, entretanto, remonta aos prim\u00f3rdios da hist\u00f3ria da humanidade ou at\u00e9 mesmo da pr\u00e9-hist\u00f3ria. \u2026 Veja artigo completo do Prof. Te\u00f3filo Alves Galv\u00e3o Filho. Tecnologia Assistiva \u00e9 um termo [&hellip;]<\/p>\n","protected":false},"author":3,"featured_media":0,"parent":0,"menu_order":0,"comment_status":"open","ping_status":"open","template":"","meta":[],"_links":{"self":[{"href":"https:\/\/napne.ifbaiano.edu.br\/portal\/index.php?rest_route=\/wp\/v2\/pages\/283"}],"collection":[{"href":"https:\/\/napne.ifbaiano.edu.br\/portal\/index.php?rest_route=\/wp\/v2\/pages"}],"about":[{"href":"https:\/\/napne.ifbaiano.edu.br\/portal\/index.php?rest_route=\/wp\/v2\/types\/page"}],"author":[{"embeddable":true,"href":"https:\/\/napne.ifbaiano.edu.br\/portal\/index.php?rest_route=\/wp\/v2\/users\/3"}],"replies":[{"embeddable":true,"href":"https:\/\/napne.ifbaiano.edu.br\/portal\/index.php?rest_route=%2Fwp%2Fv2%2Fcomments&post=283"}],"version-history":[{"count":9,"href":"https:\/\/napne.ifbaiano.edu.br\/portal\/index.php?rest_route=\/wp\/v2\/pages\/283\/revisions"}],"predecessor-version":[{"id":310,"href":"https:\/\/napne.ifbaiano.edu.br\/portal\/index.php?rest_route=\/wp\/v2\/pages\/283\/revisions\/310"}],"wp:attachment":[{"href":"https:\/\/napne.ifbaiano.edu.br\/portal\/index.php?rest_route=%2Fwp%2Fv2%2Fmedia&parent=283"}],"curies":[{"name":"wp","href":"https:\/\/api.w.org\/{rel}","templated":true}]}}